s the remainder when 266 is divided by 67?
65
What is the remainder when 42755 is divided by 42?
41
What is the remainder when 112 is divided by 96?
16
What is the remainder when 1464 is divided by 30?
24
Calculate the remainder when 3901 is divided by 1948.
5
What is the remainder when 329 is divided by 30?
29
Calculate the remainder when 443 is divided by 117.
92
Calculate the remainder when 646 is divided by 280.
86
What is the remainder when 323 is divided by 76?
19
What is the remainder when 371 is divided by 31?
30
Calculate the remainder when 175 is divided by 15.
10
What is the remainder when 619 is divided by 553?
66
What is the remainder when 470 is divided by 59?
57
Calculate the remainder when 706 is divided by 33.
13
Calculate the remainder when 510 is divided by 11.
4
Calculate the remainder when 233 is divided by 119.
114
What is the remainder when 85 is divided by 40?
5
What is the remainder when 1104 is divided by 121?
15
Calculate the remainder when 1166 is divided by 193.
8
Calculate the remainder when 971 is divided by 65.
61
What is the remainder when 6640 is divided by 19?
9
What is the remainder when 714 is divided by 120?
114
Calculate the remainder when 392 is divided by 9.
5
What is the remainder when 503 is divided by 99?
8
Calculate the remainder when 1830 is divided by 51.
45
Calculate the remainder when 83 is divided by 13.
5
Calculate the remainder when 1127 is divided by 87.
83
Calculate the remainder when 184 is divided by 6.
4
Calculate the remainder when 179 is divided by 15.
14
Calculate the remainder when 806 is divided by 82.
68
Calculate the remainder when 405 is divided by 14.
13
What is the remainder when 361 is divided by 186?
175
What is the remainder when 5270 is divided by 85?
0
Calculate the remainder when 553 is divided by 36.
13
Calculate the remainder when 928 is divided by 61.
13
Calculate the remainder when 322 is divided by 9.
7
Calculate the remainder when 807 is divided by 101.
100
What is the remainder when 147 is divided by 20?
7
What is the remainder when 1645 is divided by 82?
5
Calculate the remainder when 154 is divided by 88.
66
Calculate the remainder when 2528 is divided by 115.
113
Calculate the remainder when 640 is divided by 28.
24
What is the remainder when 310 is divided by 78?
76
What is the remainder when 403 is divided by 34?
29
Calculate the remainder when 161 is divided by 1.
0
What is the remainder when 9231 is divided by 81?
78
Calculate the remainder when 1528 is divided by 16.
8
What is the remainder when 1922 is divided by 26?
24
Calculate the remainder when 207 is divided by 70.
67
What is the remainder when 2784 is divided by 41?
37
What is the remainder when 751 is divided by 52?
23
What is the remainder when 3020 is divided by 56?
52
Calculate the remainder when 679 is divided by 85.
84
Calculate the remainder when 723 is divided by 27.
21
What is the remainder when 172 is divided by 46?
34
What is the remainder when 1511 is divided by 84?
83
Calculate the remainder when 844 is divided by 39.
25
Calculate the remainder when 446 is divided by 18.
14
Calculate the remainder when 823 is divided by 33.
31
Calculate the remainder when 4762 is divided by 1582.
16
What is the remainder when 24 is divided by 8?
0
Calculate the remainder when 105 is divided by 90.
15
Calculate the remainder when 3666 is divided by 175.
166
What is the remainder when 4452 is divided by 15?
12
What is the remainder when 95 is divided by 16?
15
What is the remainder when 607 is divided by 181?
64
What is the remainder when 798 is divided by 205?
183
What is the remainder when 413 is divided by 19?
14
What is the remainder when 4548 is divided by 111?
108
What is the remainder when 791 is divided by 85?
26
What is the remainder when 68 is divided by 47?
21
Calculate the remainder when 1046 is divided by 98.
66
What is the remainder when 982 is divided by 24?
22
Calculate the remainder when 807 is divided by 28.
23
What is the remainder when 130 is divided by 27?
22
Calculate the remainder when 340 is divided by 7.
4
What is the remainder when 99 is divided by 13?
8
Calculate the remainder when 3498 is divided by 14.
12
What is the remainder when 17 is divided by 12?
5
Calculate the remainder when 2158 is divided by 309.
304
Calculate the remainder when 305 is divided by 15.
5
Calculate the remainder when 9006 is divided by 99.
96
What is the remainder when 3220 is divided by 101?
89
What is the remainder when 400 is divided by 129?
13
What is the remainder when 81 is divided by 25?
6
What is the remainder when 664 is divided by 259?
146
Calculate the remainder when 9134 is divided by 21.
20
What is the remainder when 659 is divided by 320?
19
What is the remainder when 280 is divided by 62?
32
What is the remainder when 377 is divided by 54?
53
What is the remainder when 549 is divided by 12?
9
What is the remainder when 318 is divided by 144?
30
Calculate the remainder when 14 is divided by 13.
1
Calculate the remainder when 7960 is divided by 249.
241
What is the remainder when 935 is divided by 26?
25
What is the remainder when 3464 is divided by 1153?
5
What is the remainder when 1539 is divided by 35?
34
What is the remainder when 212 is divided by 54?
50
What is the remainder when 3727 is divided by 156?
139
What is the remainder when 124 is divided by 32?
28
What is the remainder when 293 is divided by 59?
57
Calculate the remainder when 252 is divided by 122.
8
Calculate the remainder when 44 is divided by 5.
4
What is the remainder when 1320 is divided by 195?
150
Calculate the remainder when 245 is divided by 82.
81
Calculate the remainder when 886 is divided by 21.
4
Calculate the remainder when 463 is divided by 15.
13
What is the remainder when 67 is divided by 17?
16
Calculate the remainder when 239 is divided by 70.
29
What is the remainder when 755 is divided by 94?
3
What is the remainder when 152 is divided by 62?
28
What is the remainder when 84 is divided by 11?
7
What is the remainder when 18394 is divided by 14?
12
What is the remainder when 317 is divided by 23?
18
What is the remainder when 246 is divided by 36?
30
What is the remainder when 94 is divided by 17?
9
Calculate the remainder when 162 is divided by 43.
33
Calculate the remainder when 236 is divided by 151.
85
What is the remainder when 41 is divided by 31?
10
Calculate the remainder when 3074 is divided by 34.
14
What is the remainder when 332 is divided by 25?
7
Calculate the remainder when 296 is divided by 23.
20
What is the remainder when 83 is divided by 12?
11
Calculate the remainder when 1009 is divided by 5.
4
Calculate the remainder when 186 is divided by 17.
16
What is the remainder when 3159 is divided by 353?
335
What is the remainder when 2614 is divided by 17?
13
Calculate the remainder when 609 is divided by 103.
94
Calculate the remainder when 16 is divided by 6.
4
What is the remainder when 7432 is divided by 14?
12
What is the remainder when 903 is divided by 26?
19
What is the remainder when 87 is divided by 11?
10
What is the remainder when 1071 is divided by 6?
3
What is the remainder when 42 is divided by 7?
0
Calculate the remainder when 215 is divided by 101.
13
Calculate the remainder when 589 is divided by 63.
22
What is the remainder when 2637 is divided by 264?
261
Calculate the remainder when 415 is divided by 8.
7
What is the remainder when 167 is divided by 30?
17
Calculate the remainder when 278 is divided by 81.
35
Calculate the remainder when 18 is divided by 13.
5
What is the remainder when 11991 is divided by 461?
5
What is the remainder when 124 is divided by 62?
0
Calculate the remainder when 95 is divided by 83.
12
Calculate the remainder when 130 is divided by 22.
20
What is the remainder when 1318 is divided by 66?
64
Calculate the remainder when 166 is divided by 86.
80
What is the remainder when 126 is divided by 67?
59
What is the remainder when 260 is divided by 34?
22
Calculate the remainder when 309 is divided by 31.
30
What is the remainder when 47 is divided by 16?
15
What is the remainder when 101 is divided by 44?
13
Calculate the remainder when 313 is divided by 45.
43
What is the remainder when 278 is divided by 12?
2
Calculate the remainder when 11